{"id":603,"date":"2011-03-24T14:49:01","date_gmt":"2011-03-24T13:49:01","guid":{"rendered":"https:\/\/szentes-klauzalgabor.hu\/iskola"},"modified":"2011-03-28T10:48:32","modified_gmt":"2011-03-28T09:48:32","slug":"szulok-vacsoraja","status":"publish","type":"page","link":"https:\/\/szentes-klauzalgabor.hu\/iskola\/fotoalbum\/2010-2011\/szulok-vacsoraja","title":{"rendered":"Sz\u00fcl\u0151k vacsor\u00e1ja"},"content":{"rendered":"<p><em>2011. m\u00e1rcius 12.<\/em><\/p>\n<p>M\u00e1rcius 12-\u00e9n <strong>Sz\u00fcl\u0151k vacsor\u00e1ja<\/strong> n\u00e9ven vacsor\u00e1val  egybek\u00f6t\u00f6tt zen\u00e9s est\u00e9t tartottunk. \u00daj hagyom\u00e1nyt k\u00edv\u00e1nunk teremteni  ezzel a rendezv\u00e9nnyel. \u00d6nk\u00f6lts\u00e9gesen szervezt\u00fck meg az esem\u00e9nyt, a  p\u00f6rk\u00f6lt finom volt, a zene kit\u0171n\u0151, enn\u00e9l t\u00f6bb nem is kell!<\/p>\n\n\t\t<style type=\"text\/css\">\n\t\t\t#gallery-1 {\n\t\t\t\tmargin: auto;\n\t\t\t}\n\t\t\t#gallery-1 .gallery-item {\n\t\t\t\tfloat: left;\n\t\t\t\tmargin-top: 10px;\n\t\t\t\ttext-align: center;\n\t\t\t\twidth: 25%;\n\t\t\t}\n\t\t\t#gallery-1 img {\n\t\t\t\tborder: 2px solid #cfcfcf;\n\t\t\t}\n\t\t\t#gallery-1 .gallery-caption {\n\t\t\t\tmargin-left: 0;\n\t\t\t}\n\t\t\t\/* see gallery_shortcode() in wp-includes\/media.php *\/\n\t\t<\/style>\n\t\t<div id='gallery-1' class='gallery galleryid-603 gallery-columns-4 gallery-size-thumbnail'><dl class='gallery-item'>\n\t\t\t<dt class='gallery-icon landscape'>\n\t\t\t\t<a href='https:\/\/szentes-klauzalgabor.hu\/iskola\/wp-content\/uploads\/2011\/03\/kep0063.jpg'><img loading=\"lazy\" decoding=\"async\" width=\"150\" height=\"150\" src=\"https:\/\/szentes-klauzalgabor.hu\/iskola\/wp-content\/uploads\/2011\/03\/kep0063-150x150.jpg\" class=\"attachment-thumbnail size-thumbnail\" alt=\"\" \/><\/a>\n\t\t\t<\/dt><\/dl><dl class='gallery-item'>\n\t\t\t<dt class='gallery-icon landscape'>\n\t\t\t\t<a href='https:\/\/szentes-klauzalgabor.hu\/iskola\/wp-content\/uploads\/2011\/03\/kep0073.jpg'><img loading=\"lazy\" decoding=\"async\" width=\"150\" height=\"150\" src=\"https:\/\/szentes-klauzalgabor.hu\/iskola\/wp-content\/uploads\/2011\/03\/kep0073-150x150.jpg\" class=\"attachment-thumbnail size-thumbnail\" alt=\"\" \/><\/a>\n\t\t\t<\/dt><\/dl><dl class='gallery-item'>\n\t\t\t<dt class='gallery-icon landscape'>\n\t\t\t\t<a href='https:\/\/szentes-klauzalgabor.hu\/iskola\/wp-content\/uploads\/2011\/03\/kep0083.jpg'><img loading=\"lazy\" decoding=\"async\" width=\"150\" height=\"150\" src=\"https:\/\/szentes-klauzalgabor.hu\/iskola\/wp-content\/uploads\/2011\/03\/kep0083-150x150.jpg\" class=\"attachment-thumbnail size-thumbnail\" alt=\"\" \/><\/a>\n\t\t\t<\/dt><\/dl><dl class='gallery-item'>\n\t\t\t<dt class='gallery-icon landscape'>\n\t\t\t\t<a href='https:\/\/szentes-klauzalgabor.hu\/iskola\/wp-content\/uploads\/2011\/03\/kep0093.jpg'><img loading=\"lazy\" decoding=\"async\" width=\"150\" height=\"150\" src=\"https:\/\/szentes-klauzalgabor.hu\/iskola\/wp-content\/uploads\/2011\/03\/kep0093-150x150.jpg\" class=\"attachment-thumbnail size-thumbnail\" alt=\"\" \/><\/a>\n\t\t\t<\/dt><\/dl><br style=\"clear: both\" \/><dl class='gallery-item'>\n\t\t\t<dt class='gallery-icon landscape'>\n\t\t\t\t<a href='https:\/\/szentes-klauzalgabor.hu\/iskola\/wp-content\/uploads\/2011\/03\/kep0103.jpg'><img loading=\"lazy\" decoding=\"async\" width=\"150\" height=\"150\" src=\"https:\/\/szentes-klauzalgabor.hu\/iskola\/wp-content\/uploads\/2011\/03\/kep0103-150x150.jpg\" class=\"attachment-thumbnail size-thumbnail\" alt=\"\" \/><\/a>\n\t\t\t<\/dt><\/dl><dl class='gallery-item'>\n\t\t\t<dt class='gallery-icon landscape'>\n\t\t\t\t<a href='https:\/\/szentes-klauzalgabor.hu\/iskola\/wp-content\/uploads\/2011\/03\/kep0113.jpg'><img loading=\"lazy\" decoding=\"async\" width=\"150\" height=\"150\" src=\"https:\/\/szentes-klauzalgabor.hu\/iskola\/wp-content\/uploads\/2011\/03\/kep0113-150x150.jpg\" class=\"attachment-thumbnail size-thumbnail\" alt=\"\" \/><\/a>\n\t\t\t<\/dt><\/dl><dl class='gallery-item'>\n\t\t\t<dt class='gallery-icon landscape'>\n\t\t\t\t<a href='https:\/\/szentes-klauzalgabor.hu\/iskola\/wp-content\/uploads\/2011\/03\/kep0123.jpg'><img loading=\"lazy\" decoding=\"async\" width=\"150\" height=\"150\" src=\"https:\/\/szentes-klauzalgabor.hu\/iskola\/wp-content\/uploads\/2011\/03\/kep0123-150x150.jpg\" class=\"attachment-thumbnail size-thumbnail\" alt=\"\" \/><\/a>\n\t\t\t<\/dt><\/dl><dl class='gallery-item'>\n\t\t\t<dt class='gallery-icon landscape'>\n\t\t\t\t<a href='https:\/\/szentes-klauzalgabor.hu\/iskola\/wp-content\/uploads\/2011\/03\/kep0133.jpg'><img loading=\"lazy\" decoding=\"async\" width=\"150\" height=\"150\" src=\"https:\/\/szentes-klauzalgabor.hu\/iskola\/wp-content\/uploads\/2011\/03\/kep0133-150x150.jpg\" class=\"attachment-thumbnail size-thumbnail\" alt=\"\" \/><\/a>\n\t\t\t<\/dt><\/dl><br style=\"clear: both\" \/><dl class='gallery-item'>\n\t\t\t<dt class='gallery-icon landscape'>\n\t\t\t\t<a href='https:\/\/szentes-klauzalgabor.hu\/iskola\/wp-content\/uploads\/2011\/03\/kep0143.jpg'><img loading=\"lazy\" decoding=\"async\" width=\"150\" height=\"150\" src=\"https:\/\/szentes-klauzalgabor.hu\/iskola\/wp-content\/uploads\/2011\/03\/kep0143-150x150.jpg\" class=\"attachment-thumbnail size-thumbnail\" alt=\"\" \/><\/a>\n\t\t\t<\/dt><\/dl>\n\t\t\t<br style='clear: both' \/>\n\t\t<\/div>\n\n","protected":false},"excerpt":{"rendered":"<p>2011. m\u00e1rcius 12. M\u00e1rcius 12-\u00e9n Sz\u00fcl\u0151k vacsor\u00e1ja n\u00e9ven vacsor\u00e1val egybek\u00f6t\u00f6tt zen\u00e9s est\u00e9t tartottunk. \u00daj hagyom\u00e1nyt k\u00edv\u00e1nunk teremteni ezzel a rendezv\u00e9nnyel. \u00d6nk\u00f6lts\u00e9gesen szervezt\u00fck meg az esem\u00e9nyt, a p\u00f6rk\u00f6lt finom volt, a zene kit\u0171n\u0151, enn\u00e9l t\u00f6bb nem is kell!<\/p>\n","protected":false},"author":1,"featured_media":0,"parent":104,"menu_order":0,"comment_status":"closed","ping_status":"closed","template":"","meta":{"_et_pb_use_builder":"","_et_pb_old_content":"","_et_gb_content_width":"","footnotes":""},"class_list":["post-603","page","type-page","status-publish","hentry"],"_links":{"self":[{"href":"https:\/\/szentes-klauzalgabor.hu\/iskola\/wp-json\/wp\/v2\/pages\/603","targetHints":{"allow":["GET"]}}],"collection":[{"href":"https:\/\/szentes-klauzalgabor.hu\/iskola\/wp-json\/wp\/v2\/pages"}],"about":[{"href":"https:\/\/szentes-klauzalgabor.hu\/iskola\/wp-json\/wp\/v2\/types\/page"}],"author":[{"embeddable":true,"href":"https:\/\/szentes-klauzalgabor.hu\/iskola\/wp-json\/wp\/v2\/users\/1"}],"replies":[{"embeddable":true,"href":"https:\/\/szentes-klauzalgabor.hu\/iskola\/wp-json\/wp\/v2\/comments?post=603"}],"version-history":[{"count":5,"href":"https:\/\/szentes-klauzalgabor.hu\/iskola\/wp-json\/wp\/v2\/pages\/603\/revisions"}],"predecessor-version":[{"id":614,"href":"https:\/\/szentes-klauzalgabor.hu\/iskola\/wp-json\/wp\/v2\/pages\/603\/revisions\/614"}],"up":[{"embeddable":true,"href":"https:\/\/szentes-klauzalgabor.hu\/iskola\/wp-json\/wp\/v2\/pages\/104"}],"wp:attachment":[{"href":"https:\/\/szentes-klauzalgabor.hu\/iskola\/wp-json\/wp\/v2\/media?parent=603"}],"curies":[{"name":"wp","href":"https:\/\/api.w.org\/{rel}","templated":true}]}}

Szülők vacsorája

<p><em>2011. március 12.</em></p>
<p>Március 12-én <strong>Szülők vacsorája</strong> néven vacsorával  egybekötött zenés estét tartottunk. Új hagyományt kívánunk teremteni  ezzel a rendezvénnyel. Önköltségesen szerveztük meg az eseményt, a  pörkölt finom volt, a zene kitűnő, ennél több nem is kell!</p>

		<style type="text/css">
			#gallery-1 {
				margin: auto;
			}
			#gallery-1 .gallery-item {
				float: left;
				margin-top: 10px;
				text-align: center;
				width: 25%;
			}
			#gallery-1 img {
				border: 2px solid #cfcfcf;
			}
			#gallery-1 .gallery-caption {
				margin-left: 0;
			}
			/* see gallery_shortcode() in wp-includes/media.php */
		</style>
		<div id='gallery-1' class='gallery galleryid-603 gallery-columns-4 gallery-size-thumbnail'><dl class='gallery-item'>
			<dt class='gallery-icon landscape'>
				<a href='https://szentes-klauzalgabor.hu/iskola/wp-content/uploads/2011/03/kep0063.jpg'><img loading="lazy" decoding="async" width="150" height="150" src="https://szentes-klauzalgabor.hu/iskola/wp-content/uploads/2011/03/kep0063-150x150.jpg" class="attachment-thumbnail size-thumbnail" alt="" /></a>
			</dt></dl><dl class='gallery-item'>
			<dt class='gallery-icon landscape'>
				<a href='https://szentes-klauzalgabor.hu/iskola/wp-content/uploads/2011/03/kep0073.jpg'><img loading="lazy" decoding="async" width="150" height="150" src="https://szentes-klauzalgabor.hu/iskola/wp-content/uploads/2011/03/kep0073-150x150.jpg" class="attachment-thumbnail size-thumbnail" alt="" /></a>
			</dt></dl><dl class='gallery-item'>
			<dt class='gallery-icon landscape'>
				<a href='https://szentes-klauzalgabor.hu/iskola/wp-content/uploads/2011/03/kep0083.jpg'><img loading="lazy" decoding="async" width="150" height="150" src="https://szentes-klauzalgabor.hu/iskola/wp-content/uploads/2011/03/kep0083-150x150.jpg" class="attachment-thumbnail size-thumbnail" alt="" /></a>
			</dt></dl><dl class='gallery-item'>
			<dt class='gallery-icon landscape'>
				<a href='https://szentes-klauzalgabor.hu/iskola/wp-content/uploads/2011/03/kep0093.jpg'><img loading="lazy" decoding="async" width="150" height="150" src="https://szentes-klauzalgabor.hu/iskola/wp-content/uploads/2011/03/kep0093-150x150.jpg" class="attachment-thumbnail size-thumbnail" alt="" /></a>
			</dt></dl><br style="clear: both" /><dl class='gallery-item'>
			<dt class='gallery-icon landscape'>
				<a href='https://szentes-klauzalgabor.hu/iskola/wp-content/uploads/2011/03/kep0103.jpg'><img loading="lazy" decoding="async" width="150" height="150" src="https://szentes-klauzalgabor.hu/iskola/wp-content/uploads/2011/03/kep0103-150x150.jpg" class="attachment-thumbnail size-thumbnail" alt="" /></a>
			</dt></dl><dl class='gallery-item'>
			<dt class='gallery-icon landscape'>
				<a href='https://szentes-klauzalgabor.hu/iskola/wp-content/uploads/2011/03/kep0113.jpg'><img loading="lazy" decoding="async" width="150" height="150" src="https://szentes-klauzalgabor.hu/iskola/wp-content/uploads/2011/03/kep0113-150x150.jpg" class="attachment-thumbnail size-thumbnail" alt="" /></a>
			</dt></dl><dl class='gallery-item'>
			<dt class='gallery-icon landscape'>
				<a href='https://szentes-klauzalgabor.hu/iskola/wp-content/uploads/2011/03/kep0123.jpg'><img loading="lazy" decoding="async" width="150" height="150" src="https://szentes-klauzalgabor.hu/iskola/wp-content/uploads/2011/03/kep0123-150x150.jpg" class="attachment-thumbnail size-thumbnail" alt="" /></a>
			</dt></dl><dl class='gallery-item'>
			<dt class='gallery-icon landscape'>
				<a href='https://szentes-klauzalgabor.hu/iskola/wp-content/uploads/2011/03/kep0133.jpg'><img loading="lazy" decoding="async" width="150" height="150" src="https://szentes-klauzalgabor.hu/iskola/wp-content/uploads/2011/03/kep0133-150x150.jpg" class="attachment-thumbnail size-thumbnail" alt="" /></a>
			</dt></dl><br style="clear: both" /><dl class='gallery-item'>
			<dt class='gallery-icon landscape'>
				<a href='https://szentes-klauzalgabor.hu/iskola/wp-content/uploads/2011/03/kep0143.jpg'><img loading="lazy" decoding="async" width="150" height="150" src="https://szentes-klauzalgabor.hu/iskola/wp-content/uploads/2011/03/kep0143-150x150.jpg" class="attachment-thumbnail size-thumbnail" alt="" /></a>
			</dt></dl>
			<br style='clear: both' />
		</div>

<p>2011. március 12. Március 12-én Szülők vacsorája néven vacsorával egybekötött zenés estét tartottunk. Új hagyományt kívánunk teremteni ezzel a rendezvénnyel. Önköltségesen szerveztük meg az eseményt, a pörkölt finom volt, a zene kitűnő, ennél több nem is kell!</p>
