{"id":6734,"date":"2012-12-22T13:58:22","date_gmt":"2012-12-22T12:58:22","guid":{"rendered":"https:\/\/szentes-klauzalgabor.hu\/iskola"},"modified":"2012-12-22T13:58:34","modified_gmt":"2012-12-22T12:58:34","slug":"24-jotekony-karacsonyi-hangverseny","status":"publish","type":"page","link":"https:\/\/szentes-klauzalgabor.hu\/iskola\/fotoalbum\/2012-2013-rejtett\/24-jotekony-karacsonyi-hangverseny","title":{"rendered":"24. J\u00f3t\u00e9kony Kar\u00e1csonyi Hangverseny"},"content":{"rendered":"<p><em>2012. december 16.<\/em><\/p>\n<p>December 16-\u00e1n a Szent Anna templomban megrendez\u00e9sre ker\u00fclt a 24. J\u00f3t\u00e9kony Kar\u00e1csonyi Hangverseny, melyen k\u00f6zrem\u0171k\u00f6d\u00f6tt iskol\u00e1nk 4.b oszt\u00e1lya. A gyerekek felk\u00e9sz\u00edt\u0151je <em>M\u00e9sz\u00e1rosn\u00e9 Sur\u00e1nyi Olga<\/em> \u00e9nektan\u00e1rn\u0151 volt.<\/p>\n\n\t\t<style type=\"text\/css\">\n\t\t\t#gallery-1 {\n\t\t\t\tmargin: auto;\n\t\t\t}\n\t\t\t#gallery-1 .gallery-item {\n\t\t\t\tfloat: left;\n\t\t\t\tmargin-top: 10px;\n\t\t\t\ttext-align: center;\n\t\t\t\twidth: 25%;\n\t\t\t}\n\t\t\t#gallery-1 img {\n\t\t\t\tborder: 2px solid #cfcfcf;\n\t\t\t}\n\t\t\t#gallery-1 .gallery-caption {\n\t\t\t\tmargin-left: 0;\n\t\t\t}\n\t\t\t\/* see gallery_shortcode() in wp-includes\/media.php *\/\n\t\t<\/style>\n\t\t<div id='gallery-1' class='gallery galleryid-6734 gallery-columns-4 gallery-size-thumbnail'><dl class='gallery-item'>\n\t\t\t<dt class='gallery-icon landscape'>\n\t\t\t\t<a href='https:\/\/szentes-klauzalgabor.hu\/iskola\/wp-content\/uploads\/2012\/12\/121216_001.jpg'><img loading=\"lazy\" decoding=\"async\" width=\"150\" height=\"150\" src=\"https:\/\/szentes-klauzalgabor.hu\/iskola\/wp-content\/uploads\/2012\/12\/121216_001-150x150.jpg\" class=\"attachment-thumbnail size-thumbnail\" alt=\"\" \/><\/a>\n\t\t\t<\/dt><\/dl><dl class='gallery-item'>\n\t\t\t<dt class='gallery-icon landscape'>\n\t\t\t\t<a href='https:\/\/szentes-klauzalgabor.hu\/iskola\/wp-content\/uploads\/2012\/12\/121216_002.jpg'><img loading=\"lazy\" decoding=\"async\" width=\"150\" height=\"150\" src=\"https:\/\/szentes-klauzalgabor.hu\/iskola\/wp-content\/uploads\/2012\/12\/121216_002-150x150.jpg\" class=\"attachment-thumbnail size-thumbnail\" alt=\"\" \/><\/a>\n\t\t\t<\/dt><\/dl><dl class='gallery-item'>\n\t\t\t<dt class='gallery-icon landscape'>\n\t\t\t\t<a href='https:\/\/szentes-klauzalgabor.hu\/iskola\/wp-content\/uploads\/2012\/12\/121216_003.jpg'><img loading=\"lazy\" decoding=\"async\" width=\"150\" height=\"150\" src=\"https:\/\/szentes-klauzalgabor.hu\/iskola\/wp-content\/uploads\/2012\/12\/121216_003-150x150.jpg\" class=\"attachment-thumbnail size-thumbnail\" alt=\"\" \/><\/a>\n\t\t\t<\/dt><\/dl><dl class='gallery-item'>\n\t\t\t<dt class='gallery-icon landscape'>\n\t\t\t\t<a href='https:\/\/szentes-klauzalgabor.hu\/iskola\/wp-content\/uploads\/2012\/12\/121216_004.jpg'><img loading=\"lazy\" decoding=\"async\" width=\"150\" height=\"150\" src=\"https:\/\/szentes-klauzalgabor.hu\/iskola\/wp-content\/uploads\/2012\/12\/121216_004-150x150.jpg\" class=\"attachment-thumbnail size-thumbnail\" alt=\"\" \/><\/a>\n\t\t\t<\/dt><\/dl><br style=\"clear: both\" \/><dl class='gallery-item'>\n\t\t\t<dt class='gallery-icon landscape'>\n\t\t\t\t<a href='https:\/\/szentes-klauzalgabor.hu\/iskola\/wp-content\/uploads\/2012\/12\/121216_005.jpg'><img loading=\"lazy\" decoding=\"async\" width=\"150\" height=\"150\" src=\"https:\/\/szentes-klauzalgabor.hu\/iskola\/wp-content\/uploads\/2012\/12\/121216_005-150x150.jpg\" class=\"attachment-thumbnail size-thumbnail\" alt=\"\" \/><\/a>\n\t\t\t<\/dt><\/dl><dl class='gallery-item'>\n\t\t\t<dt class='gallery-icon landscape'>\n\t\t\t\t<a href='https:\/\/szentes-klauzalgabor.hu\/iskola\/wp-content\/uploads\/2012\/12\/121216_006.jpg'><img loading=\"lazy\" decoding=\"async\" width=\"150\" height=\"150\" src=\"https:\/\/szentes-klauzalgabor.hu\/iskola\/wp-content\/uploads\/2012\/12\/121216_006-150x150.jpg\" class=\"attachment-thumbnail size-thumbnail\" alt=\"\" \/><\/a>\n\t\t\t<\/dt><\/dl><dl class='gallery-item'>\n\t\t\t<dt class='gallery-icon landscape'>\n\t\t\t\t<a href='https:\/\/szentes-klauzalgabor.hu\/iskola\/wp-content\/uploads\/2012\/12\/121216_007.jpg'><img loading=\"lazy\" decoding=\"async\" width=\"150\" height=\"150\" src=\"https:\/\/szentes-klauzalgabor.hu\/iskola\/wp-content\/uploads\/2012\/12\/121216_007-150x150.jpg\" class=\"attachment-thumbnail size-thumbnail\" alt=\"\" \/><\/a>\n\t\t\t<\/dt><\/dl><dl class='gallery-item'>\n\t\t\t<dt class='gallery-icon landscape'>\n\t\t\t\t<a href='https:\/\/szentes-klauzalgabor.hu\/iskola\/wp-content\/uploads\/2012\/12\/121216_008.jpg'><img loading=\"lazy\" decoding=\"async\" width=\"150\" height=\"150\" src=\"https:\/\/szentes-klauzalgabor.hu\/iskola\/wp-content\/uploads\/2012\/12\/121216_008-150x150.jpg\" class=\"attachment-thumbnail size-thumbnail\" alt=\"\" \/><\/a>\n\t\t\t<\/dt><\/dl><br style=\"clear: both\" \/>\n\t\t<\/div>\n\n","protected":false},"excerpt":{"rendered":"<p>2012. december 16. December 16-\u00e1n a Szent Anna templomban megrendez\u00e9sre ker\u00fclt a 24. J\u00f3t\u00e9kony Kar\u00e1csonyi Hangverseny, melyen k\u00f6zrem\u0171k\u00f6d\u00f6tt iskol\u00e1nk 4.b oszt\u00e1lya. A gyerekek felk\u00e9sz\u00edt\u0151je M\u00e9sz\u00e1rosn\u00e9 Sur\u00e1nyi Olga \u00e9nektan\u00e1rn\u0151 volt.<\/p>\n","protected":false},"author":1,"featured_media":0,"parent":5104,"menu_order":0,"comment_status":"closed","ping_status":"closed","template":"","meta":{"_et_pb_use_builder":"","_et_pb_old_content":"","_et_gb_content_width":"","footnotes":""},"class_list":["post-6734","page","type-page","status-publish","hentry"],"_links":{"self":[{"href":"https:\/\/szentes-klauzalgabor.hu\/iskola\/wp-json\/wp\/v2\/pages\/6734","targetHints":{"allow":["GET"]}}],"collection":[{"href":"https:\/\/szentes-klauzalgabor.hu\/iskola\/wp-json\/wp\/v2\/pages"}],"about":[{"href":"https:\/\/szentes-klauzalgabor.hu\/iskola\/wp-json\/wp\/v2\/types\/page"}],"author":[{"embeddable":true,"href":"https:\/\/szentes-klauzalgabor.hu\/iskola\/wp-json\/wp\/v2\/users\/1"}],"replies":[{"embeddable":true,"href":"https:\/\/szentes-klauzalgabor.hu\/iskola\/wp-json\/wp\/v2\/comments?post=6734"}],"version-history":[{"count":3,"href":"https:\/\/szentes-klauzalgabor.hu\/iskola\/wp-json\/wp\/v2\/pages\/6734\/revisions"}],"predecessor-version":[{"id":6746,"href":"https:\/\/szentes-klauzalgabor.hu\/iskola\/wp-json\/wp\/v2\/pages\/6734\/revisions\/6746"}],"up":[{"embeddable":true,"href":"https:\/\/szentes-klauzalgabor.hu\/iskola\/wp-json\/wp\/v2\/pages\/5104"}],"wp:attachment":[{"href":"https:\/\/szentes-klauzalgabor.hu\/iskola\/wp-json\/wp\/v2\/media?parent=6734"}],"curies":[{"name":"wp","href":"https:\/\/api.w.org\/{rel}","templated":true}]}}

24. Jótékony Karácsonyi Hangverseny

<p><em>2012. december 16.</em></p>
<p>December 16-án a Szent Anna templomban megrendezésre került a 24. Jótékony Karácsonyi Hangverseny, melyen közreműködött iskolánk 4.b osztálya. A gyerekek felkészítője <em>Mészárosné Surányi Olga</em> énektanárnő volt.</p>

		<style type="text/css">
			#gallery-1 {
				margin: auto;
			}
			#gallery-1 .gallery-item {
				float: left;
				margin-top: 10px;
				text-align: center;
				width: 25%;
			}
			#gallery-1 img {
				border: 2px solid #cfcfcf;
			}
			#gallery-1 .gallery-caption {
				margin-left: 0;
			}
			/* see gallery_shortcode() in wp-includes/media.php */
		</style>
		<div id='gallery-1' class='gallery galleryid-6734 gallery-columns-4 gallery-size-thumbnail'><dl class='gallery-item'>
			<dt class='gallery-icon landscape'>
				<a href='https://szentes-klauzalgabor.hu/iskola/wp-content/uploads/2012/12/121216_001.jpg'><img loading="lazy" decoding="async" width="150" height="150" src="https://szentes-klauzalgabor.hu/iskola/wp-content/uploads/2012/12/121216_001-150x150.jpg" class="attachment-thumbnail size-thumbnail" alt="" /></a>
			</dt></dl><dl class='gallery-item'>
			<dt class='gallery-icon landscape'>
				<a href='https://szentes-klauzalgabor.hu/iskola/wp-content/uploads/2012/12/121216_002.jpg'><img loading="lazy" decoding="async" width="150" height="150" src="https://szentes-klauzalgabor.hu/iskola/wp-content/uploads/2012/12/121216_002-150x150.jpg" class="attachment-thumbnail size-thumbnail" alt="" /></a>
			</dt></dl><dl class='gallery-item'>
			<dt class='gallery-icon landscape'>
				<a href='https://szentes-klauzalgabor.hu/iskola/wp-content/uploads/2012/12/121216_003.jpg'><img loading="lazy" decoding="async" width="150" height="150" src="https://szentes-klauzalgabor.hu/iskola/wp-content/uploads/2012/12/121216_003-150x150.jpg" class="attachment-thumbnail size-thumbnail" alt="" /></a>
			</dt></dl><dl class='gallery-item'>
			<dt class='gallery-icon landscape'>
				<a href='https://szentes-klauzalgabor.hu/iskola/wp-content/uploads/2012/12/121216_004.jpg'><img loading="lazy" decoding="async" width="150" height="150" src="https://szentes-klauzalgabor.hu/iskola/wp-content/uploads/2012/12/121216_004-150x150.jpg" class="attachment-thumbnail size-thumbnail" alt="" /></a>
			</dt></dl><br style="clear: both" /><dl class='gallery-item'>
			<dt class='gallery-icon landscape'>
				<a href='https://szentes-klauzalgabor.hu/iskola/wp-content/uploads/2012/12/121216_005.jpg'><img loading="lazy" decoding="async" width="150" height="150" src="https://szentes-klauzalgabor.hu/iskola/wp-content/uploads/2012/12/121216_005-150x150.jpg" class="attachment-thumbnail size-thumbnail" alt="" /></a>
			</dt></dl><dl class='gallery-item'>
			<dt class='gallery-icon landscape'>
				<a href='https://szentes-klauzalgabor.hu/iskola/wp-content/uploads/2012/12/121216_006.jpg'><img loading="lazy" decoding="async" width="150" height="150" src="https://szentes-klauzalgabor.hu/iskola/wp-content/uploads/2012/12/121216_006-150x150.jpg" class="attachment-thumbnail size-thumbnail" alt="" /></a>
			</dt></dl><dl class='gallery-item'>
			<dt class='gallery-icon landscape'>
				<a href='https://szentes-klauzalgabor.hu/iskola/wp-content/uploads/2012/12/121216_007.jpg'><img loading="lazy" decoding="async" width="150" height="150" src="https://szentes-klauzalgabor.hu/iskola/wp-content/uploads/2012/12/121216_007-150x150.jpg" class="attachment-thumbnail size-thumbnail" alt="" /></a>
			</dt></dl><dl class='gallery-item'>
			<dt class='gallery-icon landscape'>
				<a href='https://szentes-klauzalgabor.hu/iskola/wp-content/uploads/2012/12/121216_008.jpg'><img loading="lazy" decoding="async" width="150" height="150" src="https://szentes-klauzalgabor.hu/iskola/wp-content/uploads/2012/12/121216_008-150x150.jpg" class="attachment-thumbnail size-thumbnail" alt="" /></a>
			</dt></dl><br style="clear: both" />
		</div>

<p>2012. december 16. December 16-án a Szent Anna templomban megrendezésre került a 24. Jótékony Karácsonyi Hangverseny, melyen közreműködött iskolánk 4.b osztálya. A gyerekek felkészítője Mészárosné Surányi Olga énektanárnő volt.</p>
