{"id":158,"date":"2014-04-01T12:26:15","date_gmt":"2014-04-01T11:26:15","guid":{"rendered":"https:\/\/szentes-klauzalgabor.hu\/konyvtar"},"modified":"2014-04-01T12:26:20","modified_gmt":"2014-04-01T11:26:20","slug":"tankonyvtari-szabalyzat","status":"publish","type":"page","link":"https:\/\/szentes-klauzalgabor.hu\/konyvtar\/dokumentumok\/tankonyvtari-szabalyzat","title":{"rendered":"Tank\u00f6nyvt\u00e1ri szab\u00e1lyzat"},"content":{"rendered":"<p><!--[if gte mso 9]><xml> <w:WordDocument> <w:View>Normal<\/w:View> <w:Zoom>0<\/w:Zoom> <w:HyphenationZone>21<\/w:HyphenationZone> <w:PunctuationKerning \/> <w:ValidateAgainstSchemas \/> <w:SaveIfXMLInvalid>false<\/w:SaveIfXMLInvalid> <w:IgnoreMixedContent>false<\/w:IgnoreMixedContent> <w:AlwaysShowPlaceholderText>false<\/w:AlwaysShowPlaceholderText> <w:Compatibility> <w:BreakWrappedTables \/> <w:SnapToGridInCell \/> <w:WrapTextWithPunct \/> <w:UseAsianBreakRules \/> <w:DontGrowAutofit \/> <\/w:Compatibility> <w:BrowserLevel>MicrosoftInternetExplorer4<\/w:BrowserLevel> <\/w:WordDocument> <\/xml><![endif]--><\/p>\n<p><!--[if gte mso 9]><xml> <w:LatentStyles DefLockedState=\"false\" LatentStyleCount=\"156\"> <\/w:LatentStyles> <\/xml><![endif]--><!--[if gte mso 10]>\n<mce:style><!   \/* Style Definitions *\/  table.MsoNormalTable \t{mso-style-name:\"Norm\u00e1l t\u00e1bl\u00e1zat\"; \tmso-tstyle-rowband-size:0; \tmso-tstyle-colband-size:0; \tmso-style-noshow:yes; \tmso-style-parent:\"\"; \tmso-padding-alt:0cm 5.4pt 0cm 5.4pt; \tmso-para-margin:0cm; \tmso-para-margin-bottom:.0001pt; \tmso-pagination:widow-orphan; \tfont-size:10.0pt; \tfont-family:\"Times New Roman\"; \tmso-ansi-language:#0400; \tmso-fareast-language:#0400; \tmso-bidi-language:#0400;} --><\/p>\n<p><!--[endif] --><\/p>\n<p class=\"MsoNormal\"><strong style=\"mso-bidi-font-weight: normal;\"><span style=\"font-size: 14.0pt;\">4.sz. mell\u00e9klet<\/span><\/strong><\/p>\n<p class=\"MsoNormal\" style=\"text-align: center;\"><strong style=\"mso-bidi-font-weight: normal;\"><span style=\"font-size: 16.0pt;\">Tank\u00f6nyvt\u00e1ri szab\u00e1lyzat<\/span><\/strong><\/p>\n<p class=\"MsoNormal\" style=\"text-align: center;\"><span style=\"font-size: 16.0pt;\"> <\/span><\/p>\n<p style=\"margin-top: 0cm; margin-right: 1.0cm; margin-bottom: 3.45pt; margin-left: 1.0cm; text-indent: 14.2pt;\">1.\u00a0 <strong>A tart\u00f3s tank\u00f6nyv fogalma<\/strong> az 5\/ 1998. MKM rendelete szerint tart\u00f3s az a tank\u00f6nyv, amely<\/p>\n<p style=\"margin-top: 0cm; margin-right: 1.0cm; margin-bottom: 3.45pt; margin-left: 1.0cm; text-indent: 14.2pt;\">&#8211; min\u0151s\u00e9ge (tartalmi \u00e9s fizikai) alapj\u00e1n t\u00f6bb tanul\u00f3, t\u00f6bb \u00e9ven kereszt\u00fcli haszn\u00e1lat\u00e1ra alkalmas tank\u00f6nyv,<\/p>\n<p style=\"margin-top: 0cm; margin-right: 1.0cm; margin-bottom: 3.45pt; margin-left: 1.0cm; text-indent: 14.2pt;\">&#8211; a tank\u00f6nyvt\u00e1mogat\u00e1s 25%-\u00e1nak felhaszn\u00e1l\u00e1s\u00e1val v\u00e1s\u00e1rolt aj\u00e1nlott \u00e9s k\u00f6telez\u0151 olvasm\u00e1ny.<\/p>\n<p style=\"margin-top: 0cm; margin-right: 1.0cm; margin-bottom: 3.45pt; margin-left: 1.0cm; text-indent: 14.2pt;\">2.\u00a0 A tart\u00f3s tank\u00f6nyv fogalma <em>kib\u0151v\u00edthet\u0151<\/em> b\u00e1rmely oktat\u00e1st seg\u00edt\u0151, hagyom\u00e1nyos \u00e9s nem hagyom\u00e1nyos dokumentummal, ha azt a sz\u00fcl\u0151i szervezet (k\u00f6z\u00f6ss\u00e9g) j\u00f3v\u00e1hagyja.<br \/>\n3.\u00a0 A tart\u00f3s tank\u00f6nyv beszerz\u00e9se az iskola \u00e1ltal k\u00e9sz\u00edtett felm\u00e9r\u00e9s alapj\u00e1n k\u00e9sz\u00fcl el minden \u00e9v m\u00e1jus 31-ig.<\/p>\n<p style=\"margin-top: 0cm; margin-right: 1.0cm; margin-bottom: 3.45pt; margin-left: 1.0cm; text-indent: 14.2pt;\">A tart\u00f3s tank\u00f6nyv \u00f6sszeg\u00e9nek felhaszn\u00e1l\u00e1s\u00e1ra a k\u00f6nyvt\u00e1ros tan\u00e1r az el\u0151zetes felm\u00e9r\u00e9s alapj\u00e1n javaslatot tesz, amelyet a nevel\u0151test\u00fclet hagy j\u00f3v\u00e1 j\u00fanius 30-ig.<br \/>\n5.\u00a0 A k\u00f6nyvt\u00e1ros tan\u00e1r elk\u00e9sz\u00edti \u00e9s k\u00f6zz\u00e9teszi (honlap, fali\u00fajs\u00e1gok) azon tank\u00f6nyvek, tart\u00f3s\u00a0tank\u00f6nyvek jegyz\u00e9k\u00e9t, amelyek a k\u00f6nyvt\u00e1rb\u00f3l k\u00f6lcs\u00f6n\u00f6zhet\u0151ek.<br \/>\n6.\u00a0 Az iskolai k\u00f6nyvt\u00e1r \u00e1llom\u00e1ny\u00e1ba ker\u00fclt dokumentumok csak k\u00f6nyvt\u00e1ri b\u00e9lyegz\u00e9s \u00e9s nyilv\u00e1ntart\u00e1sba v\u00e9tel ut\u00e1n k\u00f6lcs\u00f6n\u00f6zhet\u0151k.<\/p>\n<p style=\"margin-top: 0cm; margin-right: 1.0cm; margin-bottom: 3.45pt; margin-left: 1.0cm; text-indent: 14.2pt;\">A tank\u00f6nyvt\u00e1mogat\u00e1s 25%-\u00e1nak felhaszn\u00e1l\u00e1s\u00e1val v\u00e1s\u00e1rolt <em>tank\u00f6nyvek, tart\u00f3s tank\u00f6nyvek<\/em>, tov\u00e1bb\u00e1 a nem hagyom\u00e1nyos dokumentumok <em>nyilv\u00e1ntart\u00e1s\u00e1nak vezet\u00e9s\u00e9n\u00e9l,<\/em> a fenti dokumentumok t\u00f6rl\u00e9s\u00e9n\u00e9l \u00e9s lelt\u00e1roz\u00e1s\u00e1n\u00e1l a 3\/1975. (VIII: 17.) KM-PM sz. egy\u00fcttes rendelet \u00e9s a hozz\u00e1 kiadott ir\u00e1nyelv \/M\u0171v. K. 1978. 9. sz. \/ el\u0151\u00edr\u00e1sai, tov\u00e1bb\u00e1 a k\u00f6nyvt\u00e1ri \u00e1llom\u00e1ny nyilv\u00e1ntart\u00e1s\u00e1r\u00f3l sz\u00f3l\u00f3 MSZ 3448-78 figyelembev\u00e9tel\u00e9vel t\u00f6rt\u00e9nik.<\/p>\n<p style=\"margin-top: 0cm; margin-right: 1.0cm; margin-bottom: 3.45pt; margin-left: 1.0cm; text-indent: 14.2pt;\"><strong>A tank\u00f6nyvek k\u00f6lcs\u00f6nz\u00e9se<\/strong><\/p>\n<p style=\"margin-top: 0cm; margin-right: 1.0cm; margin-bottom: 3.45pt; margin-left: 1.0cm; text-indent: 14.2pt;\">Ha az iskola a normat\u00edv kedvezm\u00e9ny biztos\u00edt\u00e1s\u00e1t tank\u00f6nyvk\u00f6lcs\u00f6nz\u00e9ssel is meg k\u00edv\u00e1nja oldani, a tank\u00f6nyvet addig az id\u0151pontig kell a tanul\u00f3 r\u00e9sz\u00e9re biztos\u00edtani, ameddig az adott tant\u00e1rgyb\u00f3l a helyi tanterv alapj\u00e1n a felk\u00e9sz\u00edt\u00e9s folyik, illetve, ha az adott tant\u00e1rgyb\u00f3l vizsg\u00e1t lehet vagy kell tenni, a tanul\u00f3i jogviszony fenn\u00e1ll\u00e1sa alatt.<br \/>\n<em>A tart\u00f3s tank\u00f6nyvek k\u00f6lcs\u00f6nz\u00e9si ideje:<\/em><\/p>\n<p style=\"margin-top: 0cm; margin-right: 1.0cm; margin-bottom: 3.45pt; margin-left: 1.0cm; text-indent: 14.2pt;\">&#8211; t\u00f6bb \u00e9vfolyamon haszn\u00e1lt tank\u00f6nyvek eset\u00e9n: legfeljebb \u00f6t \u00e9v,<\/p>\n<p style=\"margin-top: 0cm; margin-right: 1.0cm; margin-bottom: 3.45pt; margin-left: 1.0cm; text-indent: 14.2pt;\">&#8211; egy \u00e9vfolyamon haszn\u00e1lt tank\u00f6nyvek eset\u00e9n: szeptember 1 \u2013 j\u00fanius 15.<\/p>\n<p style=\"margin-top: 0cm; margin-right: 1.0cm; margin-bottom: 3.45pt; margin-left: 1.0cm; text-indent: 14.2pt;\"><em>A tart\u00f3s tank\u00f6nyvek k\u00f6lcs\u00f6nz\u00e9si nyilv\u00e1ntart\u00e1sa:<\/em><\/p>\n<p style=\"margin-top: 0cm; margin-right: 1.0cm; margin-bottom: 3.45pt; margin-left: 1.0cm; text-indent: 14.2pt;\">A kik\u00f6lcs\u00f6nz\u00f6tt tart\u00f3s tank\u00f6nyveket is r\u00e1vezetj\u00fck a tanul\u00f3 szem\u00e9lyi k\u00f6lcs\u00f6nz\u00e9si nyilv\u00e1ntart\u00e1si lapj\u00e1ra, aki azt al\u00e1\u00edr\u00e1s\u00e1val hiteles\u00edti.<\/p>\n<p style=\"margin-top: 0cm; margin-right: 1.0cm; margin-bottom: 3.45pt; margin-left: 1.0cm; text-indent: 14.2pt;\">A k\u00f6nyvt\u00e1ri tartoz\u00e1s rendez\u00e9se \u00e9rdek\u00e9ben ezek a dokumentumok sz\u00e1m\u00edt\u00f3g\u00e9pes k\u00f6lcs\u00f6nz\u00e9si nyilv\u00e1ntart\u00e1sba is ker\u00fclnek.<\/p>\n<p style=\"margin-top: 0cm; margin-right: 1.0cm; margin-bottom: 3.45pt; margin-left: 1.0cm; text-indent: 14.2pt;\"><strong>A tank\u00f6nyv elveszt\u00e9s\u00e9vel \u00e9s a tank\u00f6nyv megrong\u00e1l\u00e1s\u00e1val okozott k\u00e1rt\u00e9r\u00edt\u00e9s<\/strong><\/p>\n<p style=\"margin-top: 0cm; margin-right: 1.0cm; margin-bottom: 3.45pt; margin-left: 1.0cm; text-indent: 14.2pt;\">A tanul\u00f3 a t\u00e1mogat\u00e1sk\u00e9nt kapott ingyenes tank\u00f6nyvet k\u00f6teles meg\u0151rizni \u00e9s azt rendeltet\u00e9sszer\u0171en haszn\u00e1lni. Ebb\u0151l k\u00f6vetkez\u0151en elv\u00e1rhat\u00f3 t\u0151le, hogy az \u00e1ltala haszn\u00e1lt tank\u00f6nyv legal\u00e1bb \u00f6t \u00e9vig haszn\u00e1lhat\u00f3 \u00e1llapotban legyen.<br \/>\nAz<em> elhaszn\u00e1l\u00f3d\u00e1s m\u00e9rt\u00e9ke<\/em> ennek megfelel\u0151en:<\/p>\n<p style=\"margin-top: 0cm; margin-right: 1.0cm; margin-bottom: 3.45pt; margin-left: 1.0cm; text-indent: 14.2pt;\">&#8211; az els\u0151 tan\u00e9v v\u00e9g\u00e9re legfeljebb 20%-os,<\/p>\n<p style=\"margin-top: 0cm; margin-right: 1.0cm; margin-bottom: 3.45pt; margin-left: 1.0cm; text-indent: 14.2pt;\">&#8211; a m\u00e1sodik tan\u00e9v v\u00e9g\u00e9re legfeljebb 40%-os,<\/p>\n<p style=\"margin-top: 0cm; margin-right: 1.0cm; margin-bottom: 3.45pt; margin-left: 1.0cm; text-indent: 14.2pt;\">&#8211; a harmadik tan\u00e9v v\u00e9g\u00e9re legfeljebb 60%-os,<\/p>\n<p style=\"margin-top: 0cm; margin-right: 1.0cm; margin-bottom: 3.45pt; margin-left: 1.0cm; text-indent: 14.2pt;\">&#8211; a negyedik tan\u00e9v v\u00e9g\u00e9re legfeljebb 80%-os,<\/p>\n<p style=\"margin-top: 0cm; margin-right: 1.0cm; margin-bottom: 3.45pt; margin-left: 1.0cm; text-indent: 14.2pt;\">&#8211; az \u00f6t\u00f6dik tan\u00e9v v\u00e9g\u00e9re 100%-os lehet.<\/p>\n<p style=\"margin-top: 0cm; margin-right: 1.0cm; margin-bottom: 3.45pt; margin-left: 1.0cm; text-indent: 14.2pt;\">Amennyiben a tanul\u00f3 iskol\u00e1t v\u00e1lt, a k\u00f6nyvt\u00e1rb\u00f3l k\u00f6lcs\u00f6nz\u00f6tt tart\u00f3s tank\u00f6nyv(ek)et k\u00f6teles visszaadni.<br \/>\nA tanul\u00f3, illetve a kiskor\u00fa tanul\u00f3 sz\u00fcl\u0151je k\u00f6teles a tank\u00f6nyv elveszt\u00e9s\u00e9b\u0151l, megrong\u00e1l\u00e1s\u00e1b\u00f3l\u00a0sz\u00e1rmaz\u00f3 k\u00e1rt az iskol\u00e1nak megt\u00e9r\u00edteni. Az elhaszn\u00e1l\u00f3d\u00e1s m\u00e9rt\u00e9k\u00e9nek \u00e9s indokolts\u00e1g\u00e1nak meg\u00e1llap\u00edt\u00e1sa a k\u00f6nyvt\u00e1ros tan\u00e1r feladata. Vit\u00e1s esetben az igazgat\u00f3 d\u00f6nt.<br \/>\n<em> K\u00e1rt\u00e9r\u00edt\u00e9s<\/em>:<br \/>\nAbban az esetben, ha az elhaszn\u00e1l\u00f3d\u00e1s m\u00e9rt\u00e9ke a megengedettn\u00e9l indokolatlanul nagyobb, a tanul\u00f3nak, a tank\u00f6nyvnek a rong\u00e1l\u00f3d\u00e1s pillanat\u00e1ban \u00e9rv\u00e9nyes Tank\u00f6nyvjegyz\u00e9kben szerepl\u0151 v\u00e9tel\u00e1rnak megfelel\u0151 h\u00e1nyad\u00e1t (\u00f6t tan\u00e9vet figyelembe v\u00e9ve) kell kifizetnie:<\/p>\n<p style=\"margin-top: 0cm; margin-right: 1.0cm; margin-bottom: 3.45pt; margin-left: 1.0cm; text-indent: 14.2pt;\">&#8211; az els\u0151 tan\u00e9v v\u00e9g\u00e9n az elvesztett dokumentum aktu\u00e1lis beszerz\u00e9si \u00e1r\u00e1nak 80%-\u00e1t vagy<\/p>\n<p style=\"margin-top: 0cm; margin-right: 1.0cm; margin-bottom: 3.45pt; margin-left: 1.0cm; text-indent: 14.2pt;\">\u00fajjal kell azt p\u00f3tolni,<\/p>\n<p style=\"margin-top: 0cm; margin-right: 1.0cm; margin-bottom: 3.45pt; margin-left: 1.0cm; text-indent: 14.2pt;\">&#8211; a m\u00e1sodik tan\u00e9v v\u00e9g\u00e9n a tank\u00f6nyv aktu\u00e1lis beszerz\u00e9si \u00e1r\u00e1nak 60%-\u00e1t,<\/p>\n<p style=\"margin-top: 0cm; margin-right: 1.0cm; margin-bottom: 3.45pt; margin-left: 1.0cm; text-indent: 14.2pt;\">&#8211; a harmadik tan\u00e9v v\u00e9g\u00e9n a tank\u00f6nyv aktu\u00e1lis beszerz\u00e9si \u00e1r\u00e1nak 40%-\u00e1t,<\/p>\n<p style=\"margin-top: 0cm; margin-right: 1.0cm; margin-bottom: 3.45pt; margin-left: 1.0cm; text-indent: 14.2pt;\">&#8211; a negyedik tan\u00e9v v\u00e9g\u00e9n a tank\u00f6nyv aktu\u00e1lis beszerz\u00e9si \u00e1r\u00e1nak 20%-\u00e1t.<\/p>\n<p style=\"margin-top: 0cm; margin-right: 1.0cm; margin-bottom: 3.45pt; margin-left: 1.0cm; text-indent: 14.2pt;\">Abban az esetben, ha a tanul\u00f3<em> a haszn\u00e1lati id\u0151 letelte ut\u00e1n<\/em> ezen tank\u00f6nyveket meg akarja v\u00e1s\u00e1rolni, a <em>v\u00e9tel\u00e1r meg\u00e1llap\u00edt\u00e1sakor ugyan\u00fagy kell elj\u00e1rni, mint a k\u00e1rt\u00e9r\u00edt\u00e9s eset\u00e9n.<\/em> A term\u00e9szetes elhaszn\u00e1l\u00f3d\u00e1s k\u00f6vetkezt\u00e9ben vagy aktualit\u00e1sukat tekintve, a k\u00f6nyvt\u00e1r sz\u00e1m\u00e1ra \u00fan. f\u00f6l\u00f6sp\u00e9ld\u00e1nny\u00e1 v\u00e1lt \u00e9s ily m\u00f3don kiselejtezett tank\u00f6nyveket tan\u00e1r \u00e9s di\u00e1k egyar\u00e1nt megv\u00e1s\u00e1rolhatja a fentiek figyelembev\u00e9tel\u00e9vel.<br \/>\nAz \u00edgy befolyt p\u00e9nz\u00f6sszeg kiz\u00e1r\u00f3lag a k\u00f6nyvt\u00e1ri \u00e1llom\u00e1nyban haszn\u00e1latos dokumentumok gyarap\u00edt\u00e1s\u00e1ra haszn\u00e1lhat\u00f3 fel.<\/p>\n<p style=\"margin-top: 0cm; margin-right: 1.0cm; margin-bottom: 3.45pt; margin-left: 1.0cm; text-indent: 14.2pt;\">A tart\u00f3s tank\u00f6nyvek, illet\u0151leg az iskol\u00e1ban haszn\u00e1latos tank\u00f6nyvek egy-egy p\u00e9ld\u00e1ny\u00e1t az iskolai k\u00f6nyvt\u00e1r tank\u00f6nyvt\u00e1r\u00e1ban is el kell helyezni.<\/p>\n<p style=\"margin-top: 0cm; margin-right: 1.0cm; margin-bottom: 3.45pt; margin-left: 1.0cm; text-indent: 14.2pt;\">\n<p style=\"margin-top: 0cm; margin-right: 1.0cm; margin-bottom: 3.45pt; margin-left: 1.0cm; text-indent: 14.2pt;\">Szentes, 2013. m\u00e1rcius 12.<\/p>\n<p style=\"margin-top: 0cm; margin-right: 1.0cm; margin-bottom: 3.45pt; margin-left: 1.0cm; text-indent: 14.2pt;\">\n<p style=\"margin-top: 0cm; margin-right: 1.0cm; margin-bottom: 3.45pt; margin-left: 1.0cm; text-indent: 14.2pt;\"><span style=\"mso-tab-count: 2;\"> <\/span><\/p>\n<p style=\"margin-top: 0cm; margin-right: 1.0cm; margin-bottom: 3.45pt; margin-left: 1.0cm; text-indent: 14.2pt;\"><span style=\"mso-tab-count: 3;\"> <\/span>B\u00edr\u00f3-Szab\u00f3 \u00c1gnes<span style=\"mso-tab-count: 4;\"> <\/span>D\u00e9vay Istv\u00e1n<\/p>\n<p style=\"margin-top: 0cm; margin-right: 1.0cm; margin-bottom: 3.45pt; margin-left: 1.0cm; text-indent: 14.2pt; tab-stops: 35.4pt 70.8pt 106.2pt 141.6pt 177.0pt 384.2pt;\"><span style=\"mso-tab-count: 3;\"> <\/span><span style=\"mso-spacerun: yes;\"> <\/span>k\u00f6nyvt\u00e1ros<span style=\"mso-tab-count: 1;\"> <\/span>ig.<\/p>\n<p class=\"MsoNormal\">\n<p class=\"MsoNormal\" style=\"text-align: center;\">\n<p class=\"MsoNormal\">\n","protected":false},"excerpt":{"rendered":"<p>4.sz. mell\u00e9klet Tank\u00f6nyvt\u00e1ri szab\u00e1lyzat 1.\u00a0 A tart\u00f3s tank\u00f6nyv fogalma az 5\/ 1998. MKM rendelete szerint tart\u00f3s az a tank\u00f6nyv, amely &#8211; min\u0151s\u00e9ge (tartalmi \u00e9s fizikai) alapj\u00e1n t\u00f6bb tanul\u00f3, t\u00f6bb \u00e9ven kereszt\u00fcli haszn\u00e1lat\u00e1ra alkalmas tank\u00f6nyv, &#8211; a tank\u00f6nyvt\u00e1mogat\u00e1s 25%-\u00e1nak felhaszn\u00e1l\u00e1s\u00e1val v\u00e1s\u00e1rolt aj\u00e1nlott \u00e9s k\u00f6telez\u0151 olvasm\u00e1ny. 2.\u00a0 A tart\u00f3s tank\u00f6nyv fogalma kib\u0151v\u00edthet\u0151 b\u00e1rmely oktat\u00e1st seg\u00edt\u0151, hagyom\u00e1nyos \u00e9s [&hellip;]<\/p>\n","protected":false},"author":1,"featured_media":0,"parent":140,"menu_order":0,"comment_status":"closed","ping_status":"closed","template":"","meta":{"_mi_skip_tracking":false,"footnotes":""},"class_list":["post-158","page","type-page","status-publish","hentry"],"_links":{"self":[{"href":"https:\/\/szentes-klauzalgabor.hu\/konyvtar\/wp-json\/wp\/v2\/pages\/158","targetHints":{"allow":["GET"]}}],"collection":[{"href":"https:\/\/szentes-klauzalgabor.hu\/konyvtar\/wp-json\/wp\/v2\/pages"}],"about":[{"href":"https:\/\/szentes-klauzalgabor.hu\/konyvtar\/wp-json\/wp\/v2\/types\/page"}],"author":[{"embeddable":true,"href":"https:\/\/szentes-klauzalgabor.hu\/konyvtar\/wp-json\/wp\/v2\/users\/1"}],"replies":[{"embeddable":true,"href":"https:\/\/szentes-klauzalgabor.hu\/konyvtar\/wp-json\/wp\/v2\/comments?post=158"}],"version-history":[{"count":2,"href":"https:\/\/szentes-klauzalgabor.hu\/konyvtar\/wp-json\/wp\/v2\/pages\/158\/revisions"}],"predecessor-version":[{"id":160,"href":"https:\/\/szentes-klauzalgabor.hu\/konyvtar\/wp-json\/wp\/v2\/pages\/158\/revisions\/160"}],"up":[{"embeddable":true,"href":"https:\/\/szentes-klauzalgabor.hu\/konyvtar\/wp-json\/wp\/v2\/pages\/140"}],"wp:attachment":[{"href":"https:\/\/szentes-klauzalgabor.hu\/konyvtar\/wp-json\/wp\/v2\/media?parent=158"}],"curies":[{"name":"wp","href":"https:\/\/api.w.org\/{rel}","templated":true}]}}