{"id":4,"date":"2011-03-31T08:28:49","date_gmt":"2011-03-31T08:28:49","guid":{"rendered":"https:\/\/szentes-klauzalgabor.hu\/konyvtar\/?page_id=4"},"modified":"2014-10-20T12:25:12","modified_gmt":"2014-10-20T11:25:12","slug":"szolgaltatas","status":"publish","type":"page","link":"https:\/\/szentes-klauzalgabor.hu\/konyvtar\/szolgaltatas","title":{"rendered":"Szolg\u00e1ltat\u00e1s"},"content":{"rendered":"<ul>\n<li><strong>Beiratkoz\u00e1s<\/strong><br \/>\nAz iskolai k\u00f6nyvt\u00e1rat csak beiratkozott olvas\u00f3k haszn\u00e1lhatj\u00e1k.<br \/>\nAz iskolai k\u00f6nyvt\u00e1rnak tagja lehet minden nevel\u0151, tanul\u00f3, az iskola adminisztrat\u00edv \u00e9s technikai dolgoz\u00f3i. Az idegen nyelvi k\u00f6nyvt\u00e1r nyilv\u00e1nos a v\u00e1rosi iskol\u00e1k tanul\u00f3i \u00e9s pedag\u00f3gusai r\u00e9sz\u00e9re.<br \/>\nA beiratkoz\u00e1s \u00e9s a szolg\u00e1ltat\u00e1sok ig\u00e9nybev\u00e9tele d\u00edjtalan.<br \/>\nA k\u00f6nyvt\u00e1ri tags\u00e1got tan\u00e9venk\u00e9nt meg\u00faj\u00edtjuk.<\/li>\n<li><strong>K\u00f6lcs\u00f6nz\u00e9s<\/strong><strong><br \/>\n<\/strong>Az egyidej\u0171leg kik\u00f6lcs\u00f6n\u00f6zhet\u0151 dokumentumok sz\u00e1ma tanul\u00f3k eset\u00e9ben max. 3 db k\u00f6nyv, \u00a0pedag\u00f3gusok eset\u00e9ben nem korl\u00e1tozott.<br \/>\nA kik\u00f6lcs\u00f6nz\u00f6tt k\u00f6nyveket tanul\u00f3k \u00e9s m\u00e1s olvas\u00f3k 3 hetes id\u0151tartamra kapj\u00e1k, amely egyszer hosszabb\u00edthat\u00f3. Pedag\u00f3gusok a tank\u00f6nyveket egy tan\u00e9vre, egy\u00e9b dokumentumokat 3 h\u00f3napra k\u00f6lcs\u00f6n\u00f6zhetik. Esetenk\u00e9nt megegyez\u00e9s szerint hosszabb id\u0151re is lehet k\u00f6lcs\u00f6n\u00f6zni.<br \/>\nA k\u00f6nyvt\u00e1rb\u00f3l b\u00e1rmely k\u00f6nyvt\u00e1ri dokumentumot, ill. technikai eszk\u00f6zt csak a k\u00f6nyvt\u00e1rostan\u00e1r tudt\u00e1val szabad kivinni.<br \/>\nA k\u00f6lcs\u00f6nz\u00e9seket a k\u00f6nyvt\u00e1rostan\u00e1r tartja nyilv\u00e1n. A nyilv\u00e1ntart\u00e1s form\u00e1ja: sz\u00e1m\u00edt\u00f3g\u00e9pes.<br \/>\nDokumentumo(ka)t k\u00f6lcs\u00f6n\u00f6zni csak szem\u00e9lyesen \u00e9s a k\u00f6lcs\u00f6nz\u00e9si nyilv\u00e1ntart\u00e1sban val\u00f3 r\u00f6gz\u00edt\u00e9ssel szabad. A k\u00f6lcs\u00f6nz\u00e9s rendez\u00e9sekor (visszahozatal) meg kell v\u00e1rni az adminisztr\u00e1ci\u00f3 befejez\u00e9s\u00e9t.<br \/>\nAz elvesz\u00edtett vagy er\u0151sen megrong\u00e1lt dokumentumot az olvas\u00f3 k\u00f6teles egy kifog\u00e1stalan p\u00e9ld\u00e1nnyal p\u00f3tolni.<\/li>\n<li><strong>Helybenhaszn\u00e1lat<\/strong><strong><br \/>\n<\/strong>Az iskolai k\u00f6nyvt\u00e1r dokumentumai k\u00f6z\u00fcl csak helyben haszn\u00e1lhat\u00f3k:<br \/>\n\u2013 az olvas\u00f3termi, k\u00e9zik\u00f6nyvt\u00e1ri \u00e1llom\u00e1nyr\u00e9sz,<br \/>\n\u2013 a k\u00fcl\u00f6ngy\u0171jtem\u00e9nyek (foly\u00f3iratok, AV anyagok, muze\u00e1lis dokumentumok stb.), de az olvas\u00f3k egy-egy tan\u00f3r\u00e1ra , ill. a k\u00f6nyvt\u00e1r z\u00e1r\u00e1s\u00e1t\u00f3l a k\u00f6vetkez\u0151 nyit\u00e1sig ezeket is elviheti. (Tanul\u00f3 csak indokolt esetben \u00e9s k\u00fcl\u00f6n szaktan\u00e1ri k\u00e9r\u00e9sre k\u00f6lcs\u00f6n\u00f6zheti ki ezeket a fenti id\u0151tartamra.)<\/li>\n<li><strong>Sz\u00e1m\u00edt\u00f3g\u00e9phaszn\u00e1lat<\/strong><strong><br \/>\n<\/strong>Az olvas\u00f3teremben elhelyezett sz\u00e1m\u00edt\u00f3g\u00e9pek els\u0151dlegesen inform\u00e1ci\u00f3szerz\u00e9sre haszn\u00e1lhat\u00f3k.<br \/>\nA k\u00f6nyvt\u00e1ri sz\u00e1m\u00edt\u00f3g\u00e9peket az haszn\u00e1lhatja, aki \u00e9rt a kezel\u00e9s\u00e9hez. Egy tanul\u00f3 20 percig haszn\u00e1lhat egy sz\u00e1m\u00edt\u00f3g\u00e9pet.<br \/>\nA sz\u00e1m\u00edt\u00f3g\u00e9pekkel csak k\u00f6nyvt\u00e1ri inform\u00e1ci\u00f3hordoz\u00f3 olvashat\u00f3 le.<\/li>\n<li><strong>Csoportos haszn\u00e1lat<\/strong><strong><br \/>\n<\/strong>Az oszt\u00e1lyok, a tanul\u00f3csoportok, a szakk\u00f6r\u00f6k r\u00e9sz\u00e9re szak\u00f3r\u00e1k, foglalkoz\u00e1sok tarthat\u00f3k a k\u00f6nyvt\u00e1rban a k\u00f6nyvt\u00e1rostan\u00e1r, az oszt\u00e1lyf\u0151n\u00f6k\u00f6k, a szaktan\u00e1rok ir\u00e1ny\u00edt\u00e1s\u00e1val.<br \/>\nA szak\u00f3r\u00e1k, foglalkoz\u00e1sok megtart\u00e1s\u00e1ra az \u00f6ssze\u00e1ll\u00edtott\/elfogadott, a k\u00f6nyvt\u00e1ri nyitva tart\u00e1snak megfeleltetett \u00fctemterv szerint ker\u00fcl sor. A k\u00f6nyvt\u00e1ri foglalkoz\u00e1sokat, tan\u00edt\u00e1si \u00f3r\u00e1kat a tervszer\u0171 \u00e9s az \u00fctk\u00f6z\u00e9sekt\u0151l mentes munka \u00e9rdek\u00e9ben id\u0151ben (legal\u00e1bb 1 h\u00e9ttel a tervezett program el\u0151tt) egyeztetni kell.<br \/>\nA k\u00f6nyvt\u00e1rhaszn\u00e1lati foglalkoz\u00e1sokat a k\u00f6nyvt\u00e1ros, m\u00edg a k\u00f6nyvt\u00e1rban tartott \u00f3r\u00e1kat a szaktan\u00e1rok, tan\u00e1rjel\u00f6ltek vezetik. A k\u00f6nyvt\u00e1rostan\u00e1r szakmai seg\u00edts\u00e9get ad a szak\u00f3r\u00e1k, foglalkoz\u00e1sok megtart\u00e1s\u00e1hoz. A k\u00f6nyvt\u00e1rban tartott \u00f3r\u00e1k alatt az \u00f3ravezet\u0151 tan\u00e1r felel a k\u00f6nyvt\u00e1r rendj\u00e9\u00e9rt.<\/li>\n<li>Seg\u00edti az iskolai \u00fcnnep\u00e9lyeket, tanulm\u00e1nyi versenyeket, ig\u00e9ny szerint irodalomkutat\u00e1ssal, t\u00e9mafigyel\u00e9ssel foglalkozik.<\/li>\n<\/ul>\n","protected":false},"excerpt":{"rendered":"<p>Beiratkoz\u00e1s Az iskolai k\u00f6nyvt\u00e1rat csak beiratkozott olvas\u00f3k haszn\u00e1lhatj\u00e1k. Az iskolai k\u00f6nyvt\u00e1rnak tagja lehet minden nevel\u0151, tanul\u00f3, az iskola adminisztrat\u00edv \u00e9s technikai dolgoz\u00f3i. Az idegen nyelvi k\u00f6nyvt\u00e1r nyilv\u00e1nos a v\u00e1rosi iskol\u00e1k tanul\u00f3i \u00e9s pedag\u00f3gusai r\u00e9sz\u00e9re. A beiratkoz\u00e1s \u00e9s a szolg\u00e1ltat\u00e1sok ig\u00e9nybev\u00e9tele d\u00edjtalan. A k\u00f6nyvt\u00e1ri tags\u00e1got tan\u00e9venk\u00e9nt meg\u00faj\u00edtjuk. K\u00f6lcs\u00f6nz\u00e9s Az egyidej\u0171leg kik\u00f6lcs\u00f6n\u00f6zhet\u0151 dokumentumok sz\u00e1ma tanul\u00f3k eset\u00e9ben max. [&hellip;]<\/p>\n","protected":false},"author":1,"featured_media":0,"parent":0,"menu_order":0,"comment_status":"closed","ping_status":"closed","template":"","meta":{"_mi_skip_tracking":false,"footnotes":""},"class_list":["post-4","page","type-page","status-publish","hentry"],"_links":{"self":[{"href":"https:\/\/szentes-klauzalgabor.hu\/konyvtar\/wp-json\/wp\/v2\/pages\/4","targetHints":{"allow":["GET"]}}],"collection":[{"href":"https:\/\/szentes-klauzalgabor.hu\/konyvtar\/wp-json\/wp\/v2\/pages"}],"about":[{"href":"https:\/\/szentes-klauzalgabor.hu\/konyvtar\/wp-json\/wp\/v2\/types\/page"}],"author":[{"embeddable":true,"href":"https:\/\/szentes-klauzalgabor.hu\/konyvtar\/wp-json\/wp\/v2\/users\/1"}],"replies":[{"embeddable":true,"href":"https:\/\/szentes-klauzalgabor.hu\/konyvtar\/wp-json\/wp\/v2\/comments?post=4"}],"version-history":[{"count":5,"href":"https:\/\/szentes-klauzalgabor.hu\/konyvtar\/wp-json\/wp\/v2\/pages\/4\/revisions"}],"predecessor-version":[{"id":177,"href":"https:\/\/szentes-klauzalgabor.hu\/konyvtar\/wp-json\/wp\/v2\/pages\/4\/revisions\/177"}],"wp:attachment":[{"href":"https:\/\/szentes-klauzalgabor.hu\/konyvtar\/wp-json\/wp\/v2\/media?parent=4"}],"curies":[{"name":"wp","href":"https:\/\/api.w.org\/{rel}","templated":true}]}}

Szolgáltatás

<ul>
<li><strong>Beiratkozás</strong><br />
Az iskolai könyvtárat csak beiratkozott olvasók használhatják.<br />
Az iskolai könyvtárnak tagja lehet minden nevelő, tanuló, az iskola adminisztratív és technikai dolgozói. Az idegen nyelvi könyvtár nyilvános a városi iskolák tanulói és pedagógusai részére.<br />
A beiratkozás és a szolgáltatások igénybevétele díjtalan.<br />
A könyvtári tagságot tanévenként megújítjuk.</li>
<li><strong>Kölcsönzés</strong><strong><br />
</strong>Az egyidejűleg kikölcsönözhető dokumentumok száma tanulók esetében max. 3 db könyv,  pedagógusok esetében nem korlátozott.<br />
A kikölcsönzött könyveket tanulók és más olvasók 3 hetes időtartamra kapják, amely egyszer hosszabbítható. Pedagógusok a tankönyveket egy tanévre, egyéb dokumentumokat 3 hónapra kölcsönözhetik. Esetenként megegyezés szerint hosszabb időre is lehet kölcsönözni.<br />
A könyvtárból bármely könyvtári dokumentumot, ill. technikai eszközt csak a könyvtárostanár tudtával szabad kivinni.<br />
A kölcsönzéseket a könyvtárostanár tartja nyilván. A nyilvántartás formája: számítógépes.<br />
Dokumentumo(ka)t kölcsönözni csak személyesen és a kölcsönzési nyilvántartásban való rögzítéssel szabad. A kölcsönzés rendezésekor (visszahozatal) meg kell várni az adminisztráció befejezését.<br />
Az elveszített vagy erősen megrongált dokumentumot az olvasó köteles egy kifogástalan példánnyal pótolni.</li>
<li><strong>Helybenhasználat</strong><strong><br />
</strong>Az iskolai könyvtár dokumentumai közül csak helyben használhatók:<br />
– az olvasótermi, kézikönyvtári állományrész,<br />
– a különgyűjtemények (folyóiratok, AV anyagok, muzeális dokumentumok stb.), de az olvasók egy-egy tanórára , ill. a könyvtár zárásától a következő nyitásig ezeket is elviheti. (Tanuló csak indokolt esetben és külön szaktanári kérésre kölcsönözheti ki ezeket a fenti időtartamra.)</li>
<li><strong>Számítógéphasználat</strong><strong><br />
</strong>Az olvasóteremben elhelyezett számítógépek elsődlegesen információszerzésre használhatók.<br />
A könyvtári számítógépeket az használhatja, aki ért a kezeléséhez. Egy tanuló 20 percig használhat egy számítógépet.<br />
A számítógépekkel csak könyvtári információhordozó olvasható le.</li>
<li><strong>Csoportos használat</strong><strong><br />
</strong>Az osztályok, a tanulócsoportok, a szakkörök részére szakórák, foglalkozások tarthatók a könyvtárban a könyvtárostanár, az osztályfőnökök, a szaktanárok irányításával.<br />
A szakórák, foglalkozások megtartására az összeállított/elfogadott, a könyvtári nyitva tartásnak megfeleltetett ütemterv szerint kerül sor. A könyvtári foglalkozásokat, tanítási órákat a tervszerű és az ütközésektől mentes munka érdekében időben (legalább 1 héttel a tervezett program előtt) egyeztetni kell.<br />
A könyvtárhasználati foglalkozásokat a könyvtáros, míg a könyvtárban tartott órákat a szaktanárok, tanárjelöltek vezetik. A könyvtárostanár szakmai segítséget ad a szakórák, foglalkozások megtartásához. A könyvtárban tartott órák alatt az óravezető tanár felel a könyvtár rendjéért.</li>
<li>Segíti az iskolai ünnepélyeket, tanulmányi versenyeket, igény szerint irodalomkutatással, témafigyeléssel foglalkozik.</li>
</ul>

<p>Beiratkozás Az iskolai könyvtárat csak beiratkozott olvasók használhatják. Az iskolai könyvtárnak tagja lehet minden nevelő, tanuló, az iskola adminisztratív és technikai dolgozói. Az idegen nyelvi könyvtár nyilvános a városi iskolák tanulói és pedagógusai részére. A beiratkozás és a szolgáltatások igénybevétele díjtalan. A könyvtári tagságot tanévenként megújítjuk. Kölcsönzés Az egyidejűleg kikölcsönözhető dokumentumok száma tanulók esetében max. [&hellip;]</p>
