{"id":8,"date":"2011-03-31T08:30:02","date_gmt":"2011-03-31T08:30:02","guid":{"rendered":"https:\/\/szentes-klauzalgabor.hu\/konyvtar\/?page_id=8"},"modified":"2011-10-24T12:40:48","modified_gmt":"2011-10-24T11:40:48","slug":"konyvtarhasznalat","status":"publish","type":"page","link":"https:\/\/szentes-klauzalgabor.hu\/konyvtar\/konyvtarhasznalat","title":{"rendered":"K\u00f6nyvt\u00e1rhaszn\u00e1lat"},"content":{"rendered":"<p>Web-tesztek: http:\/\/ww3.szentes.hu\/klauzal\/tesztek\/news.php<\/p>\n","protected":false},"excerpt":{"rendered":"<p>Web-tesztek: http:\/\/ww3.szentes.hu\/klauzal\/tesztek\/news.php<\/p>\n","protected":false},"author":1,"featured_media":0,"parent":0,"menu_order":0,"comment_status":"closed","ping_status":"closed","template":"","meta":{"_mi_skip_tracking":false,"footnotes":""},"class_list":["post-8","page","type-page","status-publish","hentry"],"_links":{"self":[{"href":"https:\/\/szentes-klauzalgabor.hu\/konyvtar\/wp-json\/wp\/v2\/pages\/8","targetHints":{"allow":["GET"]}}],"collection":[{"href":"https:\/\/szentes-klauzalgabor.hu\/konyvtar\/wp-json\/wp\/v2\/pages"}],"about":[{"href":"https:\/\/szentes-klauzalgabor.hu\/konyvtar\/wp-json\/wp\/v2\/types\/page"}],"author":[{"embeddable":true,"href":"https:\/\/szentes-klauzalgabor.hu\/konyvtar\/wp-json\/wp\/v2\/users\/1"}],"replies":[{"embeddable":true,"href":"https:\/\/szentes-klauzalgabor.hu\/konyvtar\/wp-json\/wp\/v2\/comments?post=8"}],"version-history":[{"count":4,"href":"https:\/\/szentes-klauzalgabor.hu\/konyvtar\/wp-json\/wp\/v2\/pages\/8\/revisions"}],"predecessor-version":[{"id":135,"href":"https:\/\/szentes-klauzalgabor.hu\/konyvtar\/wp-json\/wp\/v2\/pages\/8\/revisions\/135"}],"wp:attachment":[{"href":"https:\/\/szentes-klauzalgabor.hu\/konyvtar\/wp-json\/wp\/v2\/media?parent=8"}],"curies":[{"name":"wp","href":"https:\/\/api.w.org\/{rel}","templated":true}]}}